{"id":14,"date":"2024-05-22T13:12:23","date_gmt":"2024-05-22T11:12:23","guid":{"rendered":"https:\/\/cmbf.ubrainsoft.net\/?page_id=14"},"modified":"2024-07-16T02:21:21","modified_gmt":"2024-07-16T00:21:21","slug":"services","status":"publish","type":"page","link":"https:\/\/cmbf.bf\/?page_id=14","title":{"rendered":"Produits et services"},"content":{"rendered":"\t\t<div data-elementor-type=\"wp-page\" data-elementor-id=\"14\" class=\"elementor elementor-14\" data-elementor-post-type=\"page\">\n\t\t\t\t\t\t<section class=\"elementor-section elementor-top-section elementor-element elementor-element-6b48ea9 elementor-section-full_width elementor-section-height-min-height elementor-section-height-default elementor-section-items-middle\" data-id=\"6b48ea9\" data-element_type=\"section\" data-e-type=\"section\" data-settings=\"{&quot;background_background&quot;:&quot;classic&quot;}\">\n\t\t\t\t\t\t\t<div class=\"elementor-background-overlay\"><\/div>\n\t\t\t\t\t\t\t<div class=\"elementor-container elementor-column-gap-default\">\n\t\t\t\t\t<div class=\"elementor-column elementor-col-100 elementor-top-column elementor-element elementor-element-b53a350\" data-id=\"b53a350\" data-element_type=\"column\" data-e-type=\"column\">\n\t\t\t<div class=\"elementor-widget-wrap elementor-element-populated\">\n\t\t\t\t\t\t<div class=\"elementor-element elementor-element-c23b1d8 elementor-widget elementor-widget-heading\" data-id=\"c23b1d8\" data-element_type=\"widget\" data-e-type=\"widget\" data-widget_type=\"heading.default\">\n\t\t\t\t<div class=\"elementor-widget-container\">\n\t\t\t\t\t<h2 class=\"elementor-heading-title elementor-size-default\">Nos produits et services<\/h2>\t\t\t\t<\/div>\n\t\t\t\t<\/div>\n\t\t\t\t\t<\/div>\n\t\t<\/div>\n\t\t\t\t\t<\/div>\n\t\t<\/section>\n\t\t\t\t<section class=\"elementor-section elementor-top-section elementor-element elementor-element-10aa0dd elementor-section-boxed elementor-section-height-default elementor-section-height-default\" data-id=\"10aa0dd\" data-element_type=\"section\" data-e-type=\"section\">\n\t\t\t\t\t\t<div class=\"elementor-container elementor-column-gap-default\">\n\t\t\t\t\t<div class=\"elementor-column elementor-col-100 elementor-top-column elementor-element elementor-element-311cb90\" data-id=\"311cb90\" data-element_type=\"column\" data-e-type=\"column\">\n\t\t\t<div class=\"elementor-widget-wrap elementor-element-populated\">\n\t\t\t\t\t\t<div class=\"elementor-element elementor-element-f4a9644 elementor-align-center elementor-icon-list--layout-traditional elementor-list-item-link-full_width elementor-widget elementor-widget-icon-list\" data-id=\"f4a9644\" data-element_type=\"widget\" data-e-type=\"widget\" data-widget_type=\"icon-list.default\">\n\t\t\t\t<div class=\"elementor-widget-container\">\n\t\t\t\t\t\t\t<ul class=\"elementor-icon-list-items\">\n\t\t\t\t\t\t\t<li class=\"elementor-icon-list-item\">\n\t\t\t\t\t\t\t\t\t\t\t<span class=\"elementor-icon-list-icon\">\n\t\t\t\t\t\t\t<svg xmlns=\"http:\/\/www.w3.org\/2000\/svg\" xmlns:xlink=\"http:\/\/www.w3.org\/1999\/xlink\" id=\"Calque_1\" x=\"0px\" y=\"0px\" viewBox=\"0 0 72 34\" style=\"enable-background:new 0 0 72 34;\" xml:space=\"preserve\"><style type=\"text\/css\">\t.st0{fill:#D90416;}<\/style><g transform=\"translate(0.000000,34.000000) scale(0.100000,-0.100000)\">\t<path class=\"st0\" d=\"M256,308c-8-13-25-53-38-90l-23-68h-93c-84,0-93-2-90-17s17-18,92-21c112-4,124,4,154,96c13,39,28,74,34,78  c10,7,91-71,113-109c6-11,15-14,23-9c21,14-2,57-59,113C313,336,279,344,256,308z\"><\/path>\t<path class=\"st0\" d=\"M490,188c-11-18-20-36-20-40c0-3-9-28-20-54l-21-47l-44,43c-24,24-49,56-56,72c-13,31-39,38-39,10  c0-48,109-168,146-160c17,3,43,45,74,121l19,47l96-6c70-5,95-4,95,5c0,17-36,28-127,35l-82,7L490,188z\"><\/path><\/g><\/svg>\t\t\t\t\t\t<\/span>\n\t\t\t\t\t\t\t\t\t\t<span class=\"elementor-icon-list-text\">Gamme de produits<\/span>\n\t\t\t\t\t\t\t\t\t<\/li>\n\t\t\t\t\t\t<\/ul>\n\t\t\t\t\t\t<\/div>\n\t\t\t\t<\/div>\n\t\t\t\t\t<\/div>\n\t\t<\/div>\n\t\t\t\t\t<\/div>\n\t\t<\/section>\n\t\t\t\t<section class=\"elementor-section elementor-top-section elementor-element elementor-element-af28cbf elementor-section-boxed elementor-section-height-default elementor-section-height-default\" data-id=\"af28cbf\" data-element_type=\"section\" data-e-type=\"section\">\n\t\t\t\t\t\t<div class=\"elementor-container elementor-column-gap-default\">\n\t\t\t\t\t<div class=\"elementor-column elementor-col-100 elementor-top-column elementor-element elementor-element-b1b4517\" data-id=\"b1b4517\" data-element_type=\"column\" data-e-type=\"column\">\n\t\t\t<div class=\"elementor-widget-wrap elementor-element-populated\">\n\t\t\t\t\t\t<div class=\"elementor-element elementor-element-87327d3 elementor-widget elementor-widget-elementskit-simple-tab\" data-id=\"87327d3\" data-element_type=\"widget\" data-e-type=\"widget\" data-widget_type=\"elementskit-simple-tab.default\">\n\t\t\t\t<div class=\"elementor-widget-container\">\n\t\t\t\t\t<div class=\"ekit-wid-con\" >        <div class=\"elementkit-tab-wraper   elementskit-fitcontent-tab \">\n            <ul class=\"nav nav-tabs elementkit-tab-nav  tab-nav-fluid\">\n                                    <li class=\"elementkit-nav-item elementor-repeater-item-f03c465\">\n                        <a class=\"elementkit-nav-link  active show left-pos\" id=\"content-f03c46569feaa76ea945-tab\" data-ekit-handler-id=\"gamme-de-produits-d-pargne-\" data-ekit-toggle=\"tab\" data-target=\"#content-f03c46569feaa76ea945\" href=\"#Content-f03c46569feaa76ea945\"\n                            data-ekit-toggle-trigger=\"click\"\n                            aria-describedby=\"Content-f03c46569feaa76ea945\">\n                            <span class=\"elementskit-tab-icon\"><\/span>                            <span class=\"elementskit-tab-title\">Gamme de produits d\u2019\u00e9pargne <\/span>\n                        <\/a>\n                    <\/li>\n                                        <li class=\"elementkit-nav-item elementor-repeater-item-3121d5d\">\n                        <a class=\"elementkit-nav-link  left-pos\" id=\"content-3121d5d69feaa76ea945-tab\" data-ekit-handler-id=\"gamme-de-produits-de-cr-dits\" data-ekit-toggle=\"tab\" data-target=\"#content-3121d5d69feaa76ea945\" href=\"#Content-3121d5d69feaa76ea945\"\n                            data-ekit-toggle-trigger=\"click\"\n                            aria-describedby=\"Content-3121d5d69feaa76ea945\">\n                            <span class=\"elementskit-tab-icon\"><\/span>                            <span class=\"elementskit-tab-title\">Gamme de produits de cr\u00e9dits<\/span>\n                        <\/a>\n                    <\/li>\n                                <\/ul>\n\n            <div class=\"tab-content elementkit-tab-content\">\n                                    <div class=\"tab-pane elementkit-tab-pane elementor-repeater-item-f03c465  active show\" id=\"content-f03c46569feaa76ea945\" role=\"tabpanel\"\n                         aria-labelledby=\"content-f03c46569feaa76ea945-tab\">\n                        <div class=\"animated fadeIn\">\n                            <p>La gamme de l\u2019\u00e9pargne est constitu\u00e9e de\u00a0:<\/p><ul><li><strong>Le livret \u00e0 vue\u00a0<\/strong>: Chaque \u00e9pargnant doit \u00eatre titulaire d\u2019un compte livret auquel il a souscrit dans le respect des conditions d\u2019adh\u00e9sion et d\u2019identification pr\u00e9vue\u00a0;<\/li><li><strong>Le d\u00e9p\u00f4t \u00e0 terme<\/strong>: est un produit d\u2019\u00e9pargne r\u00e9mun\u00e9r\u00e9e. Le principe pour le soci\u00e9taire est d\u2019\u00e9pargner une somme d\u00e9finie sur une dur\u00e9e d\u00e9termin\u00e9e. Le soci\u00e9taire d\u00e9tenteur a la possibilit\u00e9 d\u2019obtenir, \u00e0 un taux pr\u00e9f\u00e9rentiel, un cr\u00e9dit d\u2019un montant proportionnel \u00e0 la somme \u00e9pargn\u00e9e et pour une dur\u00e9e \u00e9gale \u00e0 la dur\u00e9e d\u2019\u00e9pargne\u00a0<strong>;<\/strong><\/li><li><strong>Le plan \u00e9pargne projet\u00a0<\/strong>: est un produit d\u2019\u00e9pargne r\u00e9mun\u00e9r\u00e9e. Le principe pour le soci\u00e9taire est d\u2019\u00e9pargner une somme d\u00e9finie mensuellement sur une dur\u00e9e d\u00e9termin\u00e9e. A l\u2019issue de la phase d\u2019\u00e9pargne, le soci\u00e9taire a la possibilit\u00e9 d\u2019obtenir un cr\u00e9dit correspondant au double du montant \u00e9pargn\u00e9 \u00e0 un taux de cr\u00e9dit bonifi\u00e9. La somme \u00e9pargn\u00e9e est bloqu\u00e9e sur le compte jusqu\u2019au remboursement int\u00e9gral du cr\u00e9dit\u00a0;<\/li><li><strong>Compte courant<\/strong>: est un compte non r\u00e9mun\u00e9r\u00e9, possibilit\u00e9 d\u2019\u00eatre d\u00e9biteur en b\u00e9n\u00e9ficiant d\u2019un d\u00e9couvert autoris\u00e9. C\u2019est sp\u00e9cialement destin\u00e9 aux salari\u00e9s domicili\u00e9s.<\/li><\/ul>                        <\/div>\n                    <\/div>\n                                    <div class=\"tab-pane elementkit-tab-pane elementor-repeater-item-3121d5d \" id=\"content-3121d5d69feaa76ea945\" role=\"tabpanel\"\n                         aria-labelledby=\"content-3121d5d69feaa76ea945-tab\">\n                        <div class=\"animated fadeIn\">\n                            <p>Selon le mode de remboursement des cr\u00e9dits, on distingue 2 types de Cr\u00e9dits : les cr\u00e9dits \u00e0 remboursement p\u00e9riodique (constituant la majorit\u00e9 des pr\u00eats) et les cr\u00e9dits In Fine.<\/p><p>A ce titre la gamme de cr\u00e9dit se compose comme suit\u00a0:<\/p><ul><li><strong>Les cr\u00e9dits campagne<\/strong>qui visent le financement des activit\u00e9s \u00e0 l\u2019occasion de certains \u00e9v\u00e8nements p\u00e9riodiques\u00a0: Scolarit\u00e9, f\u00eate de 8 mars\u00a0; f\u00eate de Tabaski, f\u00eate de fin d\u2019ann\u00e9e\u00a0;<\/li><li><strong>Les Cr\u00e9dits professionnels<\/strong> destin\u00e9s au financement de personnes physiques ou morales dans leur domaine d\u2019activit\u00e9 habituel\u00a0;<\/li><li><strong>Les Cr\u00e9dits Agri<\/strong> qui sont destin\u00e9s au financement des activit\u00e9s dans le domaine de l\u2019agriculture de fa\u00e7on g\u00e9n\u00e9rale\u00a0;<\/li><li><strong>Les cr\u00e9dits aux salari\u00e9s<\/strong> destin\u00e9s aux employ\u00e9s salari\u00e9s dont le salaire est domicili\u00e9 \u00e0 la CMBF\u00a0;<\/li><li><strong>Le cr\u00e9dit \u00e9nergie renouvelable\u00a0<\/strong>destin\u00e9 \u00e0 l\u2019ensemble des soci\u00e9taires pour combler non seulement le d\u00e9ficit \u00e9nerg\u00e9tique et aussi r\u00e9duire consid\u00e9rablement les factures.<\/li><li><strong>L\u2019avance de march\u00e9\u00a0<\/strong>destin\u00e9e \u00e0 ceux qui exercent dans le secteur de prestation de services afin de leur permettre d\u2019acc\u00e9der un pr\u00e9financement d\u2019un march\u00e9 faisant l\u2019objet d\u2019un contrat \u00e0 domicilier\u00a0;<\/li><li><strong>Les cr\u00e9dits sp\u00e9ciaux<\/strong> qui sont des produits de cr\u00e9dit cr\u00e9\u00e9s sur base de conventions conclues avec des partenaires\u00a0: Cr\u00e9dit SAPHYTO, Cr\u00e9dit DREYER, FASO KANU, BOULANGERIE WEND KUNI Sarl\u2026\u00a0;<\/li><li><strong>Le d\u00e9couvert\u00a0<\/strong>sp\u00e9cialement destin\u00e9 aux salari\u00e9s domicili\u00e9s.<\/li><\/ul>                        <\/div>\n                    <\/div>\n                                \n            <\/div>\n                    <\/div>\n    <\/div>\t\t\t\t<\/div>\n\t\t\t\t<\/div>\n\t\t\t\t\t<\/div>\n\t\t<\/div>\n\t\t\t\t\t<\/div>\n\t\t<\/section>\n\t\t\t\t<section class=\"elementor-section elementor-top-section elementor-element elementor-element-9e0262c elementor-section-boxed elementor-section-height-default elementor-section-height-default\" data-id=\"9e0262c\" data-element_type=\"section\" data-e-type=\"section\">\n\t\t\t\t\t\t<div class=\"elementor-container elementor-column-gap-default\">\n\t\t\t\t\t<div class=\"elementor-column elementor-col-100 elementor-top-column elementor-element elementor-element-72e2e32\" data-id=\"72e2e32\" data-element_type=\"column\" data-e-type=\"column\">\n\t\t\t<div class=\"elementor-widget-wrap elementor-element-populated\">\n\t\t\t\t\t\t<div class=\"elementor-element elementor-element-ae85988 elementor-align-center elementor-icon-list--layout-traditional elementor-list-item-link-full_width elementor-widget elementor-widget-icon-list\" data-id=\"ae85988\" data-element_type=\"widget\" data-e-type=\"widget\" data-widget_type=\"icon-list.default\">\n\t\t\t\t<div class=\"elementor-widget-container\">\n\t\t\t\t\t\t\t<ul class=\"elementor-icon-list-items\">\n\t\t\t\t\t\t\t<li class=\"elementor-icon-list-item\">\n\t\t\t\t\t\t\t\t\t\t\t<span class=\"elementor-icon-list-icon\">\n\t\t\t\t\t\t\t<svg xmlns=\"http:\/\/www.w3.org\/2000\/svg\" xmlns:xlink=\"http:\/\/www.w3.org\/1999\/xlink\" id=\"Calque_1\" x=\"0px\" y=\"0px\" viewBox=\"0 0 72 34\" style=\"enable-background:new 0 0 72 34;\" xml:space=\"preserve\"><style type=\"text\/css\">\t.st0{fill:#D90416;}<\/style><g transform=\"translate(0.000000,34.000000) scale(0.100000,-0.100000)\">\t<path class=\"st0\" d=\"M256,308c-8-13-25-53-38-90l-23-68h-93c-84,0-93-2-90-17s17-18,92-21c112-4,124,4,154,96c13,39,28,74,34,78  c10,7,91-71,113-109c6-11,15-14,23-9c21,14-2,57-59,113C313,336,279,344,256,308z\"><\/path>\t<path class=\"st0\" d=\"M490,188c-11-18-20-36-20-40c0-3-9-28-20-54l-21-47l-44,43c-24,24-49,56-56,72c-13,31-39,38-39,10  c0-48,109-168,146-160c17,3,43,45,74,121l19,47l96-6c70-5,95-4,95,5c0,17-36,28-127,35l-82,7L490,188z\"><\/path><\/g><\/svg>\t\t\t\t\t\t<\/span>\n\t\t\t\t\t\t\t\t\t\t<span class=\"elementor-icon-list-text\">Gamme de services<\/span>\n\t\t\t\t\t\t\t\t\t<\/li>\n\t\t\t\t\t\t<\/ul>\n\t\t\t\t\t\t<\/div>\n\t\t\t\t<\/div>\n\t\t\t\t\t<\/div>\n\t\t<\/div>\n\t\t\t\t\t<\/div>\n\t\t<\/section>\n\t\t\t\t<section class=\"elementor-section elementor-top-section elementor-element elementor-element-94b2f97 elementor-section-boxed elementor-section-height-default elementor-section-height-default\" data-id=\"94b2f97\" data-element_type=\"section\" data-e-type=\"section\">\n\t\t\t\t\t\t<div class=\"elementor-container elementor-column-gap-default\">\n\t\t\t\t\t<div class=\"elementor-column elementor-col-50 elementor-top-column elementor-element elementor-element-0f097e3\" data-id=\"0f097e3\" data-element_type=\"column\" data-e-type=\"column\">\n\t\t\t<div class=\"elementor-widget-wrap elementor-element-populated\">\n\t\t\t\t\t\t<div class=\"elementor-element elementor-element-447539b elementor-widget elementor-widget-text-editor\" data-id=\"447539b\" data-element_type=\"widget\" data-e-type=\"widget\" data-widget_type=\"text-editor.default\">\n\t\t\t\t<div class=\"elementor-widget-container\">\n\t\t\t\t\t\t\t\t\t<p>La CMBF offre \u00e0 ses soci\u00e9taires les services ci-apr\u00e8s :<\/p><ul><li>La domiciliation de salaire destin\u00e9e \u00e0 des agents qui ont un contrat de travail et d\u00e9sireux de domicilier son salaire en vue d\u2019acc\u00e9der \u00e0 un pr\u00eat ;<\/li><li>Les op\u00e9rations d\u00e9plac\u00e9es, les virements, les transferts, le relev\u00e9 d\u2019identit\u00e9 bancaire : il s\u2019agit des instruments qui permettent les mouvements de fonds intra ou extra agences ;<\/li><li>La capacit\u00e9 financi\u00e8re, la caution financi\u00e8re, la caution de soumissionnement au march\u00e9 : il s\u2019agit des moyens de garantie financi\u00e8re et de bonne fin d\u2019ex\u00e9cution.<\/li><li>L\u2019Orange Money qui permet \u00e0 nos soci\u00e9taires d\u2019effectuer les op\u00e9rations de d\u00e9p\u00f4t, de transfert ou de retrait dans les agences de la CMBF dans des meilleures conditions ;<\/li><\/ul>\t\t\t\t\t\t\t\t<\/div>\n\t\t\t\t<\/div>\n\t\t\t\t\t<\/div>\n\t\t<\/div>\n\t\t\t\t<div class=\"elementor-column elementor-col-50 elementor-top-column elementor-element elementor-element-6922424\" data-id=\"6922424\" data-element_type=\"column\" data-e-type=\"column\" data-settings=\"{&quot;background_background&quot;:&quot;classic&quot;}\">\n\t\t\t<div class=\"elementor-widget-wrap elementor-element-populated\">\n\t\t\t\t\t\t<div class=\"elementor-element elementor-element-540064f elementor-widget elementor-widget-image\" data-id=\"540064f\" data-element_type=\"widget\" data-e-type=\"widget\" data-widget_type=\"image.default\">\n\t\t\t\t<div class=\"elementor-widget-container\">\n\t\t\t\t\t\t\t\t\t\t\t\t\t\t\t<img fetchpriority=\"high\" decoding=\"async\" width=\"900\" height=\"500\" src=\"https:\/\/cmbf.bf\/wp-content\/uploads\/2024\/05\/young-afro-american-businessman-presenting-idea-while-looking-smiling-towards-city_1368-60408-1.jpg\" class=\"attachment-large size-large wp-image-613\" alt=\"\" srcset=\"https:\/\/cmbf.bf\/wp-content\/uploads\/2024\/05\/young-afro-american-businessman-presenting-idea-while-looking-smiling-towards-city_1368-60408-1.jpg 900w, https:\/\/cmbf.bf\/wp-content\/uploads\/2024\/05\/young-afro-american-businessman-presenting-idea-while-looking-smiling-towards-city_1368-60408-1-300x167.jpg 300w, https:\/\/cmbf.bf\/wp-content\/uploads\/2024\/05\/young-afro-american-businessman-presenting-idea-while-looking-smiling-towards-city_1368-60408-1-768x427.jpg 768w\" sizes=\"(max-width: 900px) 100vw, 900px\" \/>\t\t\t\t\t\t\t\t\t\t\t\t\t\t\t<\/div>\n\t\t\t\t<\/div>\n\t\t\t\t\t<\/div>\n\t\t<\/div>\n\t\t\t\t\t<\/div>\n\t\t<\/section>\n\t\t\t\t<section class=\"elementor-section elementor-top-section elementor-element elementor-element-cc18a6b elementor-section-boxed elementor-section-height-default elementor-section-height-default\" data-id=\"cc18a6b\" data-element_type=\"section\" data-e-type=\"section\">\n\t\t\t\t\t\t<div class=\"elementor-container elementor-column-gap-default\">\n\t\t\t\t\t<div class=\"elementor-column elementor-col-100 elementor-top-column elementor-element elementor-element-80968d1\" data-id=\"80968d1\" data-element_type=\"column\" data-e-type=\"column\">\n\t\t\t<div class=\"elementor-widget-wrap elementor-element-populated\">\n\t\t\t\t\t\t<div class=\"elementor-element elementor-element-4d8d0a0 elementor-align-center elementor-icon-list--layout-traditional elementor-list-item-link-full_width elementor-widget elementor-widget-icon-list\" data-id=\"4d8d0a0\" data-element_type=\"widget\" data-e-type=\"widget\" data-widget_type=\"icon-list.default\">\n\t\t\t\t<div class=\"elementor-widget-container\">\n\t\t\t\t\t\t\t<ul class=\"elementor-icon-list-items\">\n\t\t\t\t\t\t\t<li class=\"elementor-icon-list-item\">\n\t\t\t\t\t\t\t\t\t\t\t<span class=\"elementor-icon-list-icon\">\n\t\t\t\t\t\t\t<svg xmlns=\"http:\/\/www.w3.org\/2000\/svg\" xmlns:xlink=\"http:\/\/www.w3.org\/1999\/xlink\" id=\"Calque_1\" x=\"0px\" y=\"0px\" viewBox=\"0 0 72 34\" style=\"enable-background:new 0 0 72 34;\" xml:space=\"preserve\"><style type=\"text\/css\">\t.st0{fill:#D90416;}<\/style><g transform=\"translate(0.000000,34.000000) scale(0.100000,-0.100000)\">\t<path class=\"st0\" d=\"M256,308c-8-13-25-53-38-90l-23-68h-93c-84,0-93-2-90-17s17-18,92-21c112-4,124,4,154,96c13,39,28,74,34,78  c10,7,91-71,113-109c6-11,15-14,23-9c21,14-2,57-59,113C313,336,279,344,256,308z\"><\/path>\t<path class=\"st0\" d=\"M490,188c-11-18-20-36-20-40c0-3-9-28-20-54l-21-47l-44,43c-24,24-49,56-56,72c-13,31-39,38-39,10  c0-48,109-168,146-160c17,3,43,45,74,121l19,47l96-6c70-5,95-4,95,5c0,17-36,28-127,35l-82,7L490,188z\"><\/path><\/g><\/svg>\t\t\t\t\t\t<\/span>\n\t\t\t\t\t\t\t\t\t\t<span class=\"elementor-icon-list-text\">Appui-conseils<\/span>\n\t\t\t\t\t\t\t\t\t<\/li>\n\t\t\t\t\t\t<\/ul>\n\t\t\t\t\t\t<\/div>\n\t\t\t\t<\/div>\n\t\t\t\t\t<\/div>\n\t\t<\/div>\n\t\t\t\t\t<\/div>\n\t\t<\/section>\n\t\t\t\t<section class=\"elementor-section elementor-top-section elementor-element elementor-element-319ad16 elementor-section-boxed elementor-section-height-default elementor-section-height-default\" data-id=\"319ad16\" data-element_type=\"section\" data-e-type=\"section\">\n\t\t\t\t\t\t<div class=\"elementor-container elementor-column-gap-default\">\n\t\t\t\t\t<div class=\"elementor-column elementor-col-50 elementor-top-column elementor-element elementor-element-bfa7668\" data-id=\"bfa7668\" data-element_type=\"column\" data-e-type=\"column\">\n\t\t\t<div class=\"elementor-widget-wrap elementor-element-populated\">\n\t\t\t\t\t\t<div class=\"elementor-element elementor-element-7fd03be elementor-widget elementor-widget-image\" data-id=\"7fd03be\" data-element_type=\"widget\" data-e-type=\"widget\" data-widget_type=\"image.default\">\n\t\t\t\t<div class=\"elementor-widget-container\">\n\t\t\t\t\t\t\t\t\t\t\t\t\t\t\t<img decoding=\"async\" width=\"740\" height=\"494\" src=\"https:\/\/cmbf.bf\/wp-content\/uploads\/2024\/05\/afro-american-man-suit-holding-documents-talking-female-boss_1098-20604.jpg\" class=\"attachment-full size-full wp-image-603\" alt=\"\" srcset=\"https:\/\/cmbf.bf\/wp-content\/uploads\/2024\/05\/afro-american-man-suit-holding-documents-talking-female-boss_1098-20604.jpg 740w, https:\/\/cmbf.bf\/wp-content\/uploads\/2024\/05\/afro-american-man-suit-holding-documents-talking-female-boss_1098-20604-300x200.jpg 300w\" sizes=\"(max-width: 740px) 100vw, 740px\" \/>\t\t\t\t\t\t\t\t\t\t\t\t\t\t\t<\/div>\n\t\t\t\t<\/div>\n\t\t\t\t\t<\/div>\n\t\t<\/div>\n\t\t\t\t<div class=\"elementor-column elementor-col-50 elementor-top-column elementor-element elementor-element-ae1cb2d\" data-id=\"ae1cb2d\" data-element_type=\"column\" data-e-type=\"column\">\n\t\t\t<div class=\"elementor-widget-wrap elementor-element-populated\">\n\t\t\t\t\t\t<div class=\"elementor-element elementor-element-0c08cfb elementor-widget elementor-widget-text-editor\" data-id=\"0c08cfb\" data-element_type=\"widget\" data-e-type=\"widget\" data-widget_type=\"text-editor.default\">\n\t\t\t\t<div class=\"elementor-widget-container\">\n\t\t\t\t\t\t\t\t\t<p>L\u2019appui-conseil consiste entre autres\u00a0:<\/p><ul><li>A former nos soci\u00e9taires sur le code d\u2019\u00e9thique et de d\u00e9ontologie\u00a0;<\/li><li>A l\u2019\u00e9ducation financi\u00e8re\u00a0;<\/li><li>En conseils sur le plan d\u2019investissement ou formule de financement des activit\u00e9s g\u00e9n\u00e9ratrices de revenus\u00a0;<\/li><li>La promotion du genre et la nutrition\u00a0;<\/li><li>Les r\u00e9unions d\u2019informations, sensibilisation;<\/li><\/ul>\t\t\t\t\t\t\t\t<\/div>\n\t\t\t\t<\/div>\n\t\t\t\t\t<\/div>\n\t\t<\/div>\n\t\t\t\t\t<\/div>\n\t\t<\/section>\n\t\t\t\t<section class=\"elementor-section elementor-top-section elementor-element elementor-element-f474796 elementor-section-boxed elementor-section-height-default elementor-section-height-default\" data-id=\"f474796\" data-element_type=\"section\" data-e-type=\"section\">\n\t\t\t\t\t\t<div class=\"elementor-container elementor-column-gap-default\">\n\t\t\t\t\t<div class=\"elementor-column elementor-col-100 elementor-top-column elementor-element elementor-element-dd0472c\" data-id=\"dd0472c\" data-element_type=\"column\" data-e-type=\"column\">\n\t\t\t<div class=\"elementor-widget-wrap elementor-element-populated\">\n\t\t\t\t\t\t<div class=\"elementor-element elementor-element-8b149b4 elementor-widget elementor-widget-spacer\" data-id=\"8b149b4\" data-element_type=\"widget\" data-e-type=\"widget\" data-widget_type=\"spacer.default\">\n\t\t\t\t<div class=\"elementor-widget-container\">\n\t\t\t\t\t\t\t<div class=\"elementor-spacer\">\n\t\t\t<div class=\"elementor-spacer-inner\"><\/div>\n\t\t<\/div>\n\t\t\t\t\t\t<\/div>\n\t\t\t\t<\/div>\n\t\t\t\t\t<\/div>\n\t\t<\/div>\n\t\t\t\t\t<\/div>\n\t\t<\/section>\n\t\t\t\t<\/div>\n\t\t","protected":false},"excerpt":{"rendered":"<p>Nos produits et services Gamme de produits Gamme de produits d\u2019\u00e9pargne Gamme de produits de cr\u00e9dits La gamme de l\u2019\u00e9pargne [&hellip;]<\/p>\n","protected":false},"author":1,"featured_media":0,"parent":0,"menu_order":0,"comment_status":"closed","ping_status":"closed","template":"","meta":{"site-sidebar-layout":"no-sidebar","site-content-layout":"","ast-site-content-layout":"full-width-container","site-content-style":"default","site-sidebar-style":"default","ast-global-header-display":"","ast-banner-title-visibility":"","ast-main-header-display":"","ast-hfb-above-header-display":"","ast-hfb-below-header-display":"","ast-hfb-mobile-header-display":"","site-post-title":"disabled","ast-breadcrumbs-content":"","ast-featured-img":"disabled","footer-sml-layout":"","theme-transparent-header-meta":"","adv-header-id-meta":"","stick-header-meta":"","header-above-stick-meta":"","header-main-stick-meta":"","header-below-stick-meta":"","astra-migrate-meta-layouts":"default","ast-page-background-enabled":"default","ast-page-background-meta":{"desktop":{"background-color":"var(--ast-global-color-4)","background-image":"","background-repeat":"repeat","background-position":"center center","background-size":"auto","background-attachment":"scroll","background-type":"","background-media":"","overlay-type":"","overlay-color":"","overlay-gradient":""},"tablet":{"background-color":"","background-image":"","background-repeat":"repeat","background-position":"center center","background-size":"auto","background-attachment":"scroll","background-type":"","background-media":"","overlay-type":"","overlay-color":"","overlay-gradient":""},"mobile":{"background-color":"","background-image":"","background-repeat":"repeat","background-position":"center center","background-size":"auto","background-attachment":"scroll","background-type":"","background-media":"","overlay-type":"","overlay-color":"","overlay-gradient":""}},"ast-content-background-meta":{"desktop":{"background-color":"var(--ast-global-color-5)","background-image":"","background-repeat":"repeat","background-position":"center center","background-size":"auto","background-attachment":"scroll","background-type":"","background-media":"","overlay-type":"","overlay-color":"","overlay-gradient":""},"tablet":{"background-color":"var(--ast-global-color-5)","background-image":"","background-repeat":"repeat","background-position":"center center","background-size":"auto","background-attachment":"scroll","background-type":"","background-media":"","overlay-type":"","overlay-color":"","overlay-gradient":""},"mobile":{"background-color":"var(--ast-global-color-5)","background-image":"","background-repeat":"repeat","background-position":"center center","background-size":"auto","background-attachment":"scroll","background-type":"","background-media":"","overlay-type":"","overlay-color":"","overlay-gradient":""}},"footnotes":""},"class_list":["post-14","page","type-page","status-publish","hentry"],"_links":{"self":[{"href":"https:\/\/cmbf.bf\/index.php?rest_route=\/wp\/v2\/pages\/14","targetHints":{"allow":["GET"]}}],"collection":[{"href":"https:\/\/cmbf.bf\/index.php?rest_route=\/wp\/v2\/pages"}],"about":[{"href":"https:\/\/cmbf.bf\/index.php?rest_route=\/wp\/v2\/types\/page"}],"author":[{"embeddable":true,"href":"https:\/\/cmbf.bf\/index.php?rest_route=\/wp\/v2\/users\/1"}],"replies":[{"embeddable":true,"href":"https:\/\/cmbf.bf\/index.php?rest_route=%2Fwp%2Fv2%2Fcomments&post=14"}],"version-history":[{"count":0,"href":"https:\/\/cmbf.bf\/index.php?rest_route=\/wp\/v2\/pages\/14\/revisions"}],"wp:attachment":[{"href":"https:\/\/cmbf.bf\/index.php?rest_route=%2Fwp%2Fv2%2Fmedia&parent=14"}],"curies":[{"name":"wp","href":"https:\/\/api.w.org\/{rel}","templated":true}]}}